0).
2, 7
Suppose 0 = -r - 8 + 36. Suppose -p + r = p. List the prime factors of p.
2, 7
Let h = 98 + -47. What are the prime factors of h?
3, 17
Suppose 5*d - 42 = 23. Suppose -5*q + 26 - 1 = 0. Suppose -q*h = -d - 32. What are the prime factors of h?
3
Suppose 0 = -3*h + 8*h - 125. Suppose 6 = -s + h. Suppose -2*q + q = 5, 0 = x - 3*q - s. List the prime factors of x.
2
Let t = -1 - -8. Let s(y) = y + 0*y + 4 - t. What are the prime factors of s(5)?
2
Let t(j) = 10*j - 8. Let f be t(10). Suppose -3*h = -10 - f. What are the prime factors of h?
2, 17
Let j(d) = -d**3 + d**2 + 2*d. List the prime factors of j(-2).
2
Let w = -103 + 175. What are the prime factors of w?
2, 3
Let h = -7 + 4. Let n = 0 - h. Suppose -18 = -2*o - 2*p, 0 = -4*o - 2*p - n*p + 34. What are the prime factors of o?
11
Suppose 0 = 4*l + 4*x - 20, 3*x = 7*x + 8. Let r be 3/(-2)*-6 - -1. List the prime factors of (-2 + l)*32/r.
2
Let y be 0 + (-1)/(-4)*0. Suppose y = -v - 2*v + 162. List the prime factors of v.
2, 3
Let w(o) = 2*o**2 + 3*o + 2. Let d be w(-6). What are the prime factors of 2000/d + 4/14?
2, 3
Suppose -4 = -2*k - 2*f, 2*k + 27 = 5*f + 3. Let d = k - -14. What are the prime factors of d?
2, 3
Let u = 19 - 13. List the prime factors of u.
2, 3
Let j(x) = x**3 + 2*x**2 - 5*x + 2. Let i(c) = c - 8. Let o be i(5). List the prime factors of j(o).
2
Let h be (-10)/35 - (-60)/14. Let c be 55/(-4) + h/(-16). List the prime factors of (-4)/c - (-12)/7.
2
Let g(l) = -l**3 + 5*l**2 - 5*l + 6. Let r be g(4). Suppose w - 8 = r*k, -2*k + 6*k = -8. What are the prime factors of w?
2
Let a = -16 - -82. What are the prime factors of a?
2, 3, 11
Suppose -2*r = -5 - 1. Suppose q = 1 + 5. Suppose n = -r + q. List the prime factors of n.
3
Let u = 40 - 14. Suppose 4*n - u + 6 = -3*l, -3*l = -n - 25. What are the prime factors of l?
2
List the prime factors of 8*8 + 0/14.
2
Let h(p) = 0 - 3 + 0*p**2 - p**2 + 3*p. Let d be h(4). Let t = d - -11. List the prime factors of t.
2
Suppose 0 = 7*r - 5*r - 20. What are the prime factors of r?
2, 5
Let z = 4 + -1. Let l(i) = -i**3 + 5*i**2 - 4*i + 2. Let h be l(4). Let n = h + z. List the prime factors of n.
5
Let l = -171 + 165. Let t(c) = 0 + c**3 + 4 - 1 + 7*c**2 + 5*c. List the prime factors of t(l).
3
Let l(c) = -c**3 + 7*c**2 + 7*c - 2. Let j be l(8). Let d be 8/2*(-5)/j. What are the prime factors of (2/(-2))/(d/(-8))?
2
Let w = 26 - 50. What are the prime factors of w/8 - (1 - 23)?
19
Suppose 29 = 2*f + g - 0*g, 5*g + 11 = 3*f. List the prime factors of f.
2, 3
Let j = 30 + -4. List the prime factors of j.
2, 13
Suppose -2*g - 4*y = -y - 12, 8 = g + y. List the prime factors of g.
2, 3
Suppose 4*i = 2*i + 4*z + 22, 5*z = 4*i - 35. Suppose 0 = 6*k - i*k - 10. Suppose k = -4*p + 6*p. List the prime factors of p.
5
Suppose 4*u = 12 - 4. Let n = 1 + u. What are the prime factors of n?
3
Let f(t) = -t**2 + 4*t. Let b(u) = u**2 - 4*u - 1. Let w(h) = -3*b(h) - 2*f(h). Let i(o) = o**3 - 3*o + 2. Let x be i(2). What are the prime factors of w(x)?
3
Let n(c) = c**3 - 12*c**2 + c - 11. Let l be n(12). What are the prime factors of (-48)/(-2) - (l - -1)?
2, 11
Let m(b) = b**3 + 12*b**2 + 7*b + 7. Let x be m(-11). What are the prime factors of x - 3*(-3 - -2)?
2, 3
Let l = 368 - 192. List the prime factors of l.
2, 11
Let h(i) = 1 - 3 + 3*i + 2. Let j be h(1). Suppose 2*l = 2*y - 0*l - 14, -5*l = -j*y + 19. List the prime factors of y.
2
Suppose 4*b = -20, b + 3 = 5*l - 2. Suppose -3*o + 34 = 5*y - l*o, -2*y = -2*o - 20. List the prime factors of y.
2
Suppose -5*i + 25 = -4*i. Let h = i + -14. What are the prime factors of h?
11
Let d(w) = w**3 - 6*w**2 - w + 6. Let o be d(6). Suppose 0 = -5*q - o - 5. List the prime factors of (-28)/(-6) + q/(-3).
5
Let m(r) = -r - 5. Let u(x) = 5 - 5 + x. Let k(p) = m(p) - 2*u(p). List the prime factors of k(-5).
2, 5
Suppose 0 = 5*a + w + 131, -2*a + 4*w - 77 = -29. Let z = a + 14. Let m = z - -35. List the prime factors of m.
23
What are the prime factors of (789/(-12))/((-5)/4 + 1)?
263
Let t be -94*-4*(-4)/32. Let j = 75 + t. List the prime factors of j.
2, 7
List the prime factors of 138/2 - (-5)/((-15)/(-9)).
2, 3
Let s(k) be the third derivative of k**4/24 + 7*k**3/3 + k**2. List the prime factors of s(-8).
2, 3
Let z be (-26)/10 - 4/10. Let b = 8 + z. Suppose -3*k + 24 = -b*m, 0*m = -5*k - 2*m + 71. What are the prime factors of k?
13
Suppose -3*v + 6 = -5*v, 0 = 4*y - 3*v - 141. Suppose 2*r + y = 5*r. What are the prime factors of r?
11
Let q(f) = -26*f - 5. List the prime factors of q(-4).
3, 11
What are the prime factors of -12*(-3 + (-5)/(-2))?
2, 3
List the prime factors of (-249 + -3)*4/(-6).
2, 3, 7
Suppose 6*z - 2*z = -12, 4*t + z = -135. Let i = 6 + t. Let j = 40 + i. List the prime factors of j.
13
List the prime factors of ((-28)/(-10) - 2)*30.
2, 3
Suppose -3*g = 5*h - 2*g - 92, -5*h + 86 = -2*g. What are the prime factors of h?
2, 3
Let n(h) be the third derivative of -h**4/24 + 7*h**3/6 + 2*h**2. Let x = -4 - -9. What are the prime factors of n(x)?
2
Let b(d) = -132*d - 4. Let c be b(-3). List the prime factors of (-2)/(-6) + c/21.
19
Let f(k) = k**2 - 2*k + 3. What are the prime factors of f(3)?
2, 3
Let j(z) = 9*z. Let m be j(1). Let w be -2 + 0 - (-4 - 11). Let t = w - m. What are the prime factors of t?
2
Let d(q) = -q**3 - q**2 - q - 2. Let j be d(0). What are the prime factors of 11 + (1 - 0)*j?
3
Suppose -76 = -2*w - 2*w. Suppose -k + 15 = -3*n - w, -4*n - 37 = -k. Suppose -3*p + k = -5. List the prime factors of p.
2, 5
List the prime factors of (-5)/(15/18) + 109.
103
Suppose 2*s = -s - 12. Let u be 150/24 - (-1)/s. List the prime factors of (-43)/(-2) - (-3)/u.
2, 11
Let f = 3 - 4. List the prime factors of -8*((-1)/(-4) + f).
2, 3
Suppose -4 = -3*z + 8. Suppose 0*h - 5*d = h, -2*d + 72 = z*h. What are the prime factors of h?
2, 5
Suppose -64 = -3*n - 0*o + 2*o, 3*n - 88 = -4*o. Suppose d - 2*d + n = 0. What are the prime factors of d?
2, 3
Let w(a) = a**2 - 3*a - 6. Let n be w(5). Suppose n*q + 6 = 6*q. What are the prime factors of q?
3
Let v(h) = 28*h**2 + 8*h + 3. List the prime factors of v(3).
3, 31
What are the prime factors of 3/2 - 8169/(-42)?
2, 7
Let y(q) = -3*q**3 - 3*q**3 - q**3 - q**2. What are the prime factors of y(-1)?
2, 3
Let w = 8 + -2. Suppose c = -2*v + v - 1, -3*v = 2*c + w. Suppose a - 24 = -4*t, -a + c - 21 = -3*t. What are the prime factors of t?
2, 3
List the prime factors of (-4)/(12/(-9)) - -32.
5, 7
Suppose -169 = -4*k - 25. Suppose 5*z - 2*m = k, 3*z - 4*m = -1 + 17. List the prime factors of z.
2
Suppose 3*o + 2*k = -20, 2*o + k + 9 = 4*k. What are the prime factors of (-43 - o)*(0 + -1)?
37
Let p be 6/(-21) + 32/14. What are the prime factors of (480/(-4))/(-4) + p?
2
Suppose -s = 7 - 35. Suppose -v = -5*v + s. List the prime factors of v.
7
Let o = 2 + 1. Suppose 1 = -i - o. What are the prime factors of ((-13)/2)/(2/i)?
13
Let m be (-16)/4 - (2 - 11). What are the prime factors of 135/m + (-3)/(-1)?
2, 3, 5
Suppose -u = 2*u - 24. Suppose 0 = t + l + 1, 2*l = -3*t - 0 - 5. Let m = u + t. What are the prime factors of m?
5
Suppose 0 = -2*c - 7 + 1. Let n = -3 - c. Suppose -4*z - 2*u + 18 = n, 3*u - 23 = -4*z - 0*u. List the prime factors of z.
2
Let x(a) = -3 - 4*a**2 + 6 - 2*a + 2*a - a**3. List the prime factors of x(-4).
3
Let v = -9 + 24. Suppose -5*u - v = 0, 10 = 2*n - 4*u + 2*u. What are the prime factors of n?
2
Let l(z) = -7*z + 15. Let u(v) = 20*v - 44. Let f(o) = -17*l(o) - 6*u(o). Let i be (-1)/(-1 + (-16)/(-20)). What are the prime factors of f(i)?
2
Let x(n) = 2*n - 7. Suppose -4 = -2*s + 6. Let b be x(s). Let o(q) = -q**3 + 5*q**2 - 2*q - 2. What are the prime factors of o(b)?
2, 5
Let n(c) = 4*c**3 + 2*c**2. What are the prime factors of n(2)?
2, 5
Suppose -4*h - 19 - 9 = 0. Let n(m) = 13*m**2 + m + 4. Let q(j) = -26*j**2 - 2*j - 7. Let o(y) = h*n(y) - 4*q(y). List the prime factors of o(1).
2, 7
Let w = 117 + -70. What are the prime factors of w?
47
Suppose 0 = -5*w - 4*n + 631, 2*w - 27 = 5*n + 232. List the prime factors of w.
127
Suppose 0*x + x = 0. What are the prime factors of 2 - -2*(x + 3)?
2
Suppose 3*b + h - 9 = -2*b, 2*b + h = 3. List the prime factors of ((-1)/b)/(13/(-546)).
3, 7
List the prime factors of (-12)/